{"id":41,"date":"2020-07-18T20:27:28","date_gmt":"2020-07-18T20:27:28","guid":{"rendered":"http:\/\/in.btshub.lu\/?page_id=41"},"modified":"2020-07-21T08:49:47","modified_gmt":"2020-07-21T08:49:47","slug":"objectifs-de-la-formation","status":"publish","type":"page","link":"https:\/\/in.btshub.lu\/presentation\/objectifs-de-la-formation\/","title":{"rendered":"Objectifs de la formation"},"content":{"rendered":"<p class=\"Heading_1 Text\">Objectifs de la formation du BTSi<\/p>\n<p class=\"Text\"><span class=\"Text\">La loi du <a href=\"https:\/\/btshub.lu\/wp-content\/uploads\/2020\/07\/Memorial_a153_-_BTS_Loi_du_19juin2009.pdf\">19 jui 2009<\/a> portant organisation de l&#8217;enseignement sup\u00e9rieur d\u00e9finit l&#8217;objectif du cycle d&#8217;\u00e9tudes comme: <\/span><\/p>\n<blockquote>\n<p class=\"Gray Text\"><em>Art. 3. Il est organise\u0301 un cycle d\u2019e\u0301tudes d\u2019enseignement supe\u0301rieur, a\u0300 finalite\u0301 professionnelle, sanctionne\u0301 par l\u2019obtention du brevet de technicien supe\u0301rieur.<br \/>\n<\/em><\/p>\n<p class=\"Gray Text\"><em>Le brevet de technicien supe\u0301rieur atteste que ses titulaires ont acquis une qualification professionnelle, qu\u2019ils sont aptes a\u0300 occuper les emplois de technicien supe\u0301rieur dans les domaines et activite\u0301s de leurs e\u0301tudes et qu\u2019ils sont capables de mobiliser leurs connaissances et leurs compe\u0301tences pour se perfectionner et s\u2019adapter au cours de leur vie professionnelle.<br \/>\n<\/em><\/p>\n<p class=\"Gray Text\"><em>Le brevet de technicien supe\u0301rieur est un diplo\u0302me national; il est de\u0301livre\u0301 au titre d\u2019une spe\u0301cialite\u0301 professionnelle et apre\u0300s des e\u0301tudes dans un des domaines suivants: les professions industrielles et commerciales, les professions de l\u2019agriculture, les me\u0301tiers de l\u2019artisanat, les activite\u0301s de service et de la sante\u0301 ainsi que celles relevant des arts applique\u0301s.<\/em><\/p>\n<\/blockquote>\n<p class=\"Text\">Cet objectif est pr\u00e9cis\u00e9 pour la formation du BTSi comme suit:<\/p>\n<blockquote>\n<p class=\"Text\">Le d\u00e9tenteur du BTSi doit \u00eatre capable de rapidement comprendre les besoins des diff\u00e9rents utilisateurs de l&#8217;outil informatique. A cet effet, il est capable de communiquer de mani\u00e8re efficace avec un interlocuteur sur des th\u00e8mes techniques pour recenser ses besoins.<\/p>\n<p class=\"Text\">Il participe en outre \u00e0 l&#8217;\u00e9tude de la solution et r\u00e9alise tout ou une partie de la mise en \u0153uvre en tenant compte des contraintes organisationnelles et techniques de la situation.<\/p>\n<p class=\"Text\">Il participe \u00e0 la mise en place et la configuration du syst\u00e8me \u00e9labor\u00e9. La solution peut consister en:<\/p>\n<ul>\n<li class=\"Text\">la planification, la configuration et la s\u00e9curisation d&#8217;un r\u00e9seau,<\/li>\n<li class=\"Text\">la planification et mise en oeuvre d&#8217;un site internet dynamique,<\/li>\n<li class=\"Text\">la planification et la r\u00e9alisation d&#8217;une application informatique (programmation orient\u00e9e objects),<\/li>\n<li class=\"Text\">l&#8217;installation, la configuration et la maintenance de machines clients et de machines serveurs,<\/li>\n<li class=\"Text\">ainsi que le d\u00e9veloppement, l&#8217;utilisation et la maintenance de bases de donn\u00e9es.<\/li>\n<\/ul>\n<\/blockquote>\n<p class=\"Text\">Il reste \u00e0 souligner que le but primaire de la formation BTSi est purement professionnel. Si le but primaire de cette formation n&#8217;est pas de pr\u00e9parer \u00e0 des \u00e9tudes universitaires, elle permet par contre de se perfectionner via des formations du type \u00ab life long learning \u00bb et de faire valider leurs connaissances en passant des certifications reconnues au niveau international.<\/p>\n","protected":false},"excerpt":{"rendered":"<p>Objectifs de la formation du BTSi La loi du 19 jui 2009 portant organisation de l&#8217;enseignement sup\u00e9rieur d\u00e9finit l&#8217;objectif du cycle d&#8217;\u00e9tudes comme: Art. 3. Il est organise\u0301 un cycle d\u2019e\u0301tudes d\u2019enseignement supe\u0301rieur, a\u0300 finalite\u0301 professionnelle, sanctionne\u0301 par l\u2019obtention du&#8230; <a class=\"direadmore\" href=\"https:\/\/in.btshub.lu\/presentation\/objectifs-de-la-formation\/\"> Continue Reading&#8230;<\/a><\/p>\n","protected":false},"author":6,"featured_media":0,"parent":38,"menu_order":0,"comment_status":"closed","ping_status":"closed","template":"","meta":{"footnotes":""},"class_list":["post-41","page","type-page","status-publish","hentry"],"_links":{"self":[{"href":"https:\/\/in.btshub.lu\/wp-json\/wp\/v2\/pages\/41","targetHints":{"allow":["GET"]}}],"collection":[{"href":"https:\/\/in.btshub.lu\/wp-json\/wp\/v2\/pages"}],"about":[{"href":"https:\/\/in.btshub.lu\/wp-json\/wp\/v2\/types\/page"}],"author":[{"embeddable":true,"href":"https:\/\/in.btshub.lu\/wp-json\/wp\/v2\/users\/6"}],"replies":[{"embeddable":true,"href":"https:\/\/in.btshub.lu\/wp-json\/wp\/v2\/comments?post=41"}],"version-history":[{"count":3,"href":"https:\/\/in.btshub.lu\/wp-json\/wp\/v2\/pages\/41\/revisions"}],"predecessor-version":[{"id":72,"href":"https:\/\/in.btshub.lu\/wp-json\/wp\/v2\/pages\/41\/revisions\/72"}],"up":[{"embeddable":true,"href":"https:\/\/in.btshub.lu\/wp-json\/wp\/v2\/pages\/38"}],"wp:attachment":[{"href":"https:\/\/in.btshub.lu\/wp-json\/wp\/v2\/media?parent=41"}],"curies":[{"name":"wp","href":"https:\/\/api.w.org\/{rel}","templated":true}]}}